(r) = 5*r + 85. Let x be u(-19). Let y be j(x). What is the greatest common divisor of 17 and y?
17
Let y be -3 - (-325 + (-1 - -4)). Let u = 321 - y. Calculate the highest common factor of 54 and u.
2
Let d be 8 - (3/(-9))/((-1)/9). Suppose 6*h = d*h + 2. Suppose -2*w + 22 = h*t, -4*t + 5*w = w - 68. Calculate the greatest common divisor of t and 2.
2
Suppose 3*r + 13*b - 14*b = 20, -4*r + 4*b = -16. What is the highest common factor of r and 10328?
8
Let d be (2 + 0)*75/6. Let u be 7 + (-80)/(-2) - 7. Let r be 16/6*4/(u/375). Calculate the greatest common divisor of d and r.
25
Suppose -v - 4*y + 1 = -85, 4*y = 5*v - 478. Suppose 5*k - 4*r = 409, -4*k - r + v = -229. Calculate the highest common factor of k and 189.
27
Let n(j) = 15 - 10*j + 9*j - 12*j + j**2. Let c be n(15). Let x(q) = -q**3 + 8*q**2 - 9*q. Let b be x(5). Calculate the greatest common divisor of b and c.
15
Suppose 0 = -38*y + 12293 + 5066 - 1969. Calculate the greatest common divisor of 195 and y.
15
Let j be (-4 - -9)/(3/6). Suppose 5*f - j - 10 = 0. Let x be 0 - 536/(-12) - f/6. Calculate the highest common factor of 66 and x.
22
Let b = -15 - -22. Let w = 254 - 233. What is the highest common divisor of b and w?
7
Suppose -106*h - 3 = -103*h, -a - h = -11. Let w be 6 - 1*(-4)/2. What is the highest common divisor of a and w?
4
Let z(x) = x**3 - 3*x**2 - 12*x - 4. Let a be z(12). Suppose 10*w = 17*w - a. What is the greatest common factor of w and 4?
4
Suppose 6304 = 2*k + 473*d - 476*d, -2*k - 5*d = -6352. What is the greatest common factor of 763 and k?
109
Let i(l) = -4*l**3 - 8*l**2 + 4*l - 6. Let h be i(-4). Suppose -5*u = -2*y + h, 3*y + 2*u = -u + 138. Calculate the highest common factor of 36 and y.
12
Let y be 45*((1040/(-24))/(-10) + -4). What is the greatest common divisor of 885 and y?
15
Let z be ((-9)/(-12) - 6/8)/(-1). Let b be -8 + 20 + -2 + z + 2. Let s be 51*4/(b/1)*2. What is the highest common factor of s and 34?
34
Let t(b) = 7*b - 14. Let k be t(4). Let f = 92 + -57. What is the highest common divisor of f and k?
7
Let y = -22930 - -22990. What is the highest common factor of 9525 and y?
15
Let h(n) = n**3 + 17*n**2 + 41*n - 14. Let z be h(-14). Suppose z = u + 9 - 18. What is the greatest common factor of u and 27?
9
Suppose 146*i - 51*i + 62*i - 171444 = 0. Calculate the greatest common factor of i and 252.
84
Let g be 3 + 2 + 6 + 4 + 0. Suppose n = -3*k + 156, 0 = -g*n + 19*n - 4*k - 672. Calculate the greatest common factor of n and 66.
33
Let w be -3 + 9 + 18 + 1 + 3. What is the greatest common divisor of 1638 and w?
14
Let d(v) = -3*v**3 - 2*v**2 - 7*v - 6. Let a be d(-1). Let w be (118/2 - 4) + a. Calculate the highest common divisor of w and 152.
19
Let x = 313 + -187. Suppose -56*a = -38*a - x. What is the highest common factor of a and 4?
1
Suppose -165*j = -4*x - 161*j + 10804, 5*x - 4*j = 13504. Calculate the greatest common factor of x and 70.
10
Let x be (-4 - -3) + 2 - 0. Let h be ((-2 - -2)/(-3))/x. Suppose -2*v + h*d - 4*d + 52 = 0, 0 = 3*d - 15. Calculate the highest common divisor of 64 and v.
16
Let m(s) = -13*s**2 - 541*s - 84. Let l be m(-40). Calculate the highest common factor of l and 1092.
84
Let p be 192/1 - ((6 - 10) + 8). Calculate the highest common divisor of 32 and p.
4
Let j(l) = 188*l - 63. Let t be j(3). Let c be t/2 + 18/12. What is the highest common factor of 56 and c?
28
Let t = 816 + 75. Let b be (2*-1)/((-11)/t). Calculate the greatest common divisor of 135 and b.
27
Let j = 17 - -39. Calculate the highest common divisor of j and 343.
7
Let h be ((-6)/1)/(((-378)/(-12))/(-21)). Suppose 4*l = -5*v + 1890, -5*l + h*l = 0. What is the greatest common divisor of v and 14?
14
Let v be ((-1)/(24/128))/(2/(-12)). Let c = 1 + 3. Suppose -c*l = 28 - 92. Calculate the highest common factor of v and l.
16
Let r(y) = -4*y + 120. Let c be r(20). Calculate the highest common divisor of 37 and c.
1
Suppose -8*q + 563 = 187. Let j = q + -36. What is the greatest common divisor of 1 and j?
1
Suppose 0 = 7*g - 1386 - 1498. Let c = 422 - g. What is the greatest common factor of 2 and c?
2
Let t = 228 + -226. Suppose t*w = 192 - 48. Calculate the greatest common divisor of w and 24.
24
Let d(w) = w**3 + 9*w**2 + 3*w - 21. Let u be d(-8). Suppose -80 = -35*y + u*y. What is the highest common factor of y and 605?
5
Let f = 46 - 27. Suppose -1584 = -3*n - 4*v, f*v - 14*v = 0. What is the greatest common factor of n and 48?
48
Suppose -579 = -4*j + 365. Let p = j - 47. Calculate the greatest common factor of 81 and p.
27
Let g = 74 - 69. Suppose -24 = -g*o + 13*o. Let t be (o + 102/8)/(1/4). What is the greatest common factor of 52 and t?
13
Let t(v) = v**3 + 19*v**2 - 23*v - 55. Let b be t(-20). Suppose -702 = -18*c + b*c. What is the highest common factor of 288 and c?
18
Let b be 252/(-728) + (-6)/(-12) - (-53532)/13. Calculate the greatest common divisor of b and 116.
58
Let d(j) = -5*j**3 + j**2 - 2*j - 2. Let y be (-4 + 0 + 2)/2. Let c be d(y). Let m be ((-54)/7)/(5/(-35)). What is the highest common divisor of m and c?
6
Suppose -180 = -299*h + 304*h. Let l be ((-13)/2)/(3/18). Let i = h - l. Calculate the greatest common factor of 33 and i.
3
Let r be (-2)/13 + (-27035444)/(-3172). What is the greatest common divisor of 18 and r?
9
Let b be -5*6/(-18)*(-12)/(-20). Let a be ((-24 - -14) + 2)*(-27 + b). What is the greatest common divisor of a and 520?
104
Suppose -4*d - 3 = -3*d, -2*z + 486 = 2*d. Suppose 14 = 2*n + 2. What is the greatest common divisor of z and n?
6
Let m be (-47 - -62) + 18 + -5. What is the highest common divisor of m and 2492?
28
Suppose 0 = 9*l - 831 + 2478. Let q = -178 - l. What is the greatest common divisor of q and 125?
5
Let x = 320 + -254. Let c = -25 + x. Let f be ((-41)/(-2))/((-3)/(-66)). What is the greatest common divisor of f and c?
41
Let n(t) = -t + 3. Let r be n(3). Suppose 3*b - b - 6 = r. Suppose -2*l + 185*c = 186*c - 26, 4*l = -5*c + 40. Calculate the highest common divisor of b and l.
3
Let f be 12/(-78) - 327/(-13). Suppose -7*k - 26 = -20*k. Suppose 0 = 2*d - 3*q - 27, -k*d + 3*d = -4*q + 19. What is the highest common divisor of d and f?
5
Let f be ((-36)/(-14))/(33/12012). Calculate the greatest common divisor of 72 and f.
72
Suppose 4*g = 2*g - 8, -5*k - 2*g = 1483. Let s = 390 + k. What is the highest common factor of 57 and s?
19
Suppose 2*n = -226 - 56. Let m be 3/12 + n/(-12). Let b = -731 + 815. What is the highest common divisor of m and b?
12
Suppose -13*d - 2*g = -15*d + 1924, g = 4. Calculate the highest common divisor of 546 and d.
42
Suppose -6*m = -3*m - 42. Suppose 0 = 25*y - 24*y - 10. Suppose y*c - 179 + 39 = 0. Calculate the greatest common divisor of m and c.
14
Suppose 356788 = -84*h + 2196472. What is the highest common divisor of 543 and h?
181
Let h = -10383 + 10587. Calculate the highest common factor of h and 510.
102
Suppose -137 = 4*g - 125. Let c be 2/(g/3*1)*-4. Let w(b) = 12*b - 4. Let z be w(5). What is the greatest common divisor of z and c?
8
Let k(x) = -22*x**2 - 12*x + 40. Let j be k(9). Let l = j - -3621. Calculate the greatest common divisor of l and 77.
77
Suppose 19*u - 33099 = 72079 + 24668. Calculate the greatest common factor of 3 and u.
3
Let f be ((-5)/((-100)/8))/((-1)/(-10)). Let q be (f/6)/((-4)/258). Let j = q + 111. Calculate the greatest common factor of 17 and j.
17
Let g(f) = -22*f - 88. Let q be g(-9). Let b = -93 + q. Suppose -h + 226 = -3*u + 687, u - 3*h = 159. Calculate the highest common factor of u and b.
17
Let r be (25246/(-65) + 14)*(-40)/12. What is the greatest common factor of 288 and r?
96
Suppose 20*m - 18 = 14*m. Suppose -4*w = -k - 8, -m*k + w - 40 = -3*w. Let o be (-510)/k - 1/(-8). Calculate the highest common factor of 48 and o.
16
Let k be -3 - 2 - -9 - (0 + 4). Suppose k = 23*z - 306 - 959. Calculate the highest common factor of 11 and z.
11
Let b(x) = 7*x - 4. Let j be b(2). Suppose 4*z - 32 = 2*z + d, 4*d + 16 = 0. Suppose -j = -2*m + z. What is the highest common divisor of m and 48?
12
Let y be 8/4*1 + 43. Suppose 0 = o + 5*p + 11, 32*o - 4*p = 31*o + 25. Calculate the highest common divisor of y and o.
9
Suppose 23*v + 396 + 1904 = 123*v. Suppose -7*i - 4*f = -2*i - 22, -i - 3*f + 11 = 0. Suppose